0338980 a multiple of 55?
True
Is 1786125320 a multiple of 14?
True
Is 15917600 a multiple of 100?
True
Does 9 divide 24763341?
False
Is 516 a factor of 23566010?
False
Is 1118300802 a multiple of 851?
True
Does 3551 divide 105326211?
True
Does 909 divide 143492500?
False
Is 27506003 a multiple of 62?
False
Is 80 a factor of 2650656980?
False
Is 18 a factor of 743220?
True
Is 265732250 a multiple of 2?
True
Is 5810440356 a multiple of 18774?
True
Does 3051 divide 430965954?
True
Is 9930372 a multiple of 218?
False
Does 319 divide 31940832?
True
Is 2 a factor of 4255926?
True
Does 22 divide 299538976?
True
Does 107 divide 419448560?
True
Is 914144103 a multiple of 9422?
False
Does 890 divide 14683220?
True
Is 1697046056 a multiple of 1784?
True
Is 4077 a factor of 3729762863?
False
Is 666992089 a multiple of 117?
False
Is 57 a factor of 164411067?
False
Is 934003020 a multiple of 271?
False
Is 4 a factor of 4313888?
True
Is 735 a factor of 1695941482?
False
Is 1165 a factor of 39921264?
False
Is 151306119 a multiple of 314?
False
Does 33 divide 27182024?
False
Is 5 a factor of 53952240?
True
Is 116546465 a multiple of 35?
True
Is 33107105 a multiple of 578?
False
Does 44 divide 2050704?
False
Is 36 a factor of 3338403?
False
Is 1301 a factor of 1298591504?
False
Does 72 divide 244474977?
False
Does 6674 divide 1546012078?
True
Is 78124243 a multiple of 227?
False
Is 29328768 a multiple of 3637?
True
Is 4088824 a multiple of 7?
False
Is 22 a factor of 4310033816?
True
Does 39 divide 658102770?
True
Is 9 a factor of 29828286?
True
Is 49986980 a multiple of 655?
True
Does 4104 divide 271385208?
True
Is 11572541 a multiple of 35?
False
Is 311 a factor of 67325591?
True
Does 726 divide 668221290?
True
Is 437127398 a multiple of 12?
False
Is 49 a factor of 31238376?
False
Is 2556787 a multiple of 11?
False
Is 4073396 a multiple of 26?
False
Is 3342 a factor of 46396986?
True
Is 120 a factor of 4051912?
False
Is 5000402400 a multiple of 161?
True
Does 142 divide 686801336?
False
Is 227 a factor of 48112877?
True
Does 3955 divide 5867543548?
False
Does 564 divide 27259812?
True
Is 153061910 a multiple of 4?
False
Is 7948 a factor of 449999864?
True
Is 84927447 a multiple of 6?
False
Does 264 divide 11989291?
False
Is 470779980 a multiple of 4633?
False
Does 38 divide 23203079?
False
Does 8 divide 22829855?
False
Is 9 a factor of 1886410?
False
Is 9 a factor of 351038129?
False
Is 435730610 a multiple of 2807?
True
Is 159 a factor of 65287467?
True
Is 32 a factor of 29314859?
False
Is 192142 a multiple of 67?
False
Is 13 a factor of 32958237?
True
Is 2958 a factor of 623345256?
True
Is 6142 a factor of 1663130760?
True
Is 1365 a factor of 1524790995?
True
Is 3372922205 a multiple of 155?
False
Does 15 divide 2310633165?
True
Is 6565779 a multiple of 157?
False
Is 10407328 a multiple of 23?
False
Is 2734 a factor of 2921655369?
False
Is 17085185 a multiple of 2015?
True
Is 10 a factor of 520952971?
False
Is 1505434141 a multiple of 6878?
False
Does 611 divide 3907076?
False
Does 1882 divide 63551376?
True
Is 233973729 a multiple of 455?
False
Is 308217400 a multiple of 7400?
True
Does 26 divide 27921738?
True
Is 203 a factor of 2204640862?
False
Is 6525639 a multiple of 11?
False
Is 2787807 a multiple of 3?
True
Is 178097019 a multiple of 452?
False
Is 178 a factor of 451175420?
False
Is 61079579 a multiple of 31?
True
Is 1129474240 a multiple of 243?
False
Is 229 a factor of 97315840?
True
Is 7777946686 a multiple of 11?
False
Does 1489 divide 116554323?
False
Is 63629202 a multiple of 6?
True
Is 35 a factor of 712789871?
False
Is 1243620 a multiple of 105?
True
Is 1452310458 a multiple of 448?
False
Does 26 divide 1259431964?
False
Does 8 divide 1491379?
False
Does 642 divide 72982916?
False
Does 3225 divide 502572273?
False
Is 25670260 a multiple of 374?
False
Is 26104672 a multiple of 176?
True
Is 22994320 a multiple of 23?
False
Is 572 a factor of 1204466716?
False
Is 32 a factor of 98481301?
False
Does 48 divide 145025448?
False
Is 497485101 a multiple of 1609?
True
Is 87 a factor of 19378819?
False
Is 119 a factor of 19008584?
True
Does 12 divide 5965694?
False
Is 46077537 a multiple of 521?
False
Does 475 divide 23761476?
False
Does 26 divide 644866716?
True
Is 11244146 a multiple of 2790?
False
Does 2264 divide 178831096?
True
Is 26 a factor of 2372973009?
False
Is 66636413 a multiple of 188?
False
Does 5 divide 1263207885?
True
Does 6314 divide 1470454832?
True
Does 2550 divide 2119483500?
True
Is 3370176 a multiple of 48?
True
Does 102 divide 50761353?
False
Is 18446816 a multiple of 4?
True
Is 15 a factor of 434600036?
False
Does 32 divide 946807169?
False
Is 297 a factor of 113563515?
False
Is 435052201 a multiple of 27?
False
Is 1065 a factor of 132393253?
False
Is 3222634 a multiple of 853?
True
Does 5186 divide 16946238?
False
Does 2213 divide 226190730?
True
Is 10086093 a multiple of 7?
False
Is 4 a factor of 1373337395?
False
Does 285 divide 123941085?
True
Does 309 divide 4428897?
True
Does 27 divide 159831225?
True
Is 676457829 a multiple of 332?
False
Does 20 divide 9617760?
True
Is 28490848 a multiple of 1448?
True
Does 2384 divide 2855237755?
False
Does 6 divide 19142862?
True
Does 194 divide 22725548?
True
Is 115426411 a multiple of 56?
False
Does 372 divide 368224065?
False
Is 37 a factor of 2966808750?
False
Is 2680 a factor of 695646722?
False
Is 114 a factor of 1313997858?
True
Does 866 divide 265707852?
True
Is 46 a factor of 63808302?
True
Is 25740000 a multiple of 551?
False
Is 65668434 a multiple of 2054?
True
Is 4154 a factor of 73087114?
False
Does 1159 divide 2342020738?
False
Is 26 a factor of 44492637?
False
Does 1754 divide 10670250?
False
Is 64 a factor of 348711232?
True
Is 886705228 a multiple of 25?
False
Does 169 divide 663929175?
True
Does 1211 divide 52123377?
False
Is 2157 a factor of 65411025?
True
Is 3375735 a multiple of 27?
False
Is 13903280 a multiple of 12?
False
Does 353 divide 326957041?
False
Is 73931840 a multiple of 40?
True
Is 11519 a factor of 550200669?
False
Is 145 a factor of 203872175?
True
Is 886 a factor of 571435446?
True
Does 3 divide 81658371?
True
Is 20 a factor of 283000025?
False
Does 41 divide 1226649644?
True
Is 212318095 a multiple of 1010?
False
Does 141 divide 18174039?
False
Is 47965344 a multiple of 56?
True
Is 13 a factor of 167722416?
False
Is 48 a factor of 336537233?
False
Is 529333624 a multiple of 17?
True
Is 14 a factor of 116472978?
False
Is 11452207 a multiple of 381?
False
Is 275733890 a multiple of 295?
False
Is 3551 a multiple of 3?
False
Is 648 a factor of 2084078808?
True
Is 4617 a factor of 2175862824?
True
Is 2505360 a multiple of 880?
True
Does 38 divide 17210390?
True
Is 212 a factor of 4525934?
False
Does 37 divide 956018136?
True
Does 1129 divide 32300442?
False
Is 586175906 a multiple of 648?
False
Is 90 a factor of 2769769800?
True
Is 31 a factor of 6509628?
True
Is 4817252 a multiple of 242?
True
Does 720 divide 14179680?
True
Does 844 divide 164123396?
True
Is 1031768727 a multiple of 3201?
True
Does 1255 divide 494770769?
False
Is 18473987 a multiple of 246?
False
Does 302 divide 111482394?
True
Is 506562192 a multiple of 1292?
True
Is 988697208 a multiple of 439?
False
Does 7 divide 172439302?
True
Does 68 divide 65027856?
True
Is 542608432 a multiple of 656?
True
Does 2759 divide 1057836395?
False
Does 382 divide 15082556?
False
Does 34 divide 69326068?
True
Does 1763 divide 1916381?
True
Does 33 divide 7248207031?
False
Is 177411371 a multiple of 24?
False
Is 3284 a factor of 36317596?
False
Does 4418 divide 18228668?
True
Is 81 a factor of 23329296?
True
Does 645 divide 220266174?
False
Is 27021309 a multiple of 18?
False
Is 729 a factor of 341204076?
True
Is 163174287 a multiple of 303?
True
Is 690 a factor of 1180511340?
True
Does 6 divide 431292870?
True
Is 5737017 a multiple of 129?
True
Does 33 divide 26666739?
True
Is 1364684334 a multiple of 1869?
False
Does 13 divide 693910057?
False
Is 169265414 a multiple of 45?
False
Is 31802712 a multiple of 218?
True
Is 78 a factor of 61603698?
True
Does 15 divide 52022880?
True
Does 109 divide 199285136?
True
Is 374139878 a multiple of 1637?
False
Is 208258245 a multiple of 13?
True
Is 57 a factor